b = -12*b + 105. Suppose -2*a = a - b, 0 = 5*h - 4*a - 180. What is the highest common divisor of 16 and h?
8
Let x = -38 + 21. Let k be (-4 + 3)/1 - x. Let n be k/40 + 53/5. What is the highest common factor of 55 and n?
11
Let h = 533 - 341. Suppose -7*y + 108 = -2*y - 3*c, -c = -3*y + 68. What is the greatest common divisor of h and y?
24
Suppose -257 + 37 = -10*a. Calculate the highest common factor of a and 1012.
22
Let z = -30 - -33. Suppose -z*d = -887 + 29. Suppose -218 = -2*a + d. What is the greatest common divisor of a and 28?
28
Let h be 2/5 - (-166)/10. Let m be (3/(-2))/((-1)/34). Suppose -3*b + 0*b + m = 0. What is the greatest common factor of b and h?
17
Let t(v) = -3*v + 4*v + 3*v**2 + 3*v**2 - 5*v**2 + 31. Let m be t(0). What is the highest common factor of m and 93?
31
Let n = -12 + 48. Suppose n - 16 = a. Calculate the highest common divisor of 8 and a.
4
Suppose 9*z - 2882 = -1118. Calculate the highest common factor of z and 28.
28
Let y = 924 + -879. Calculate the greatest common factor of 81 and y.
9
Let m(l) = -46*l + 6. Let v be m(0). Calculate the highest common divisor of v and 82.
2
Let n(f) = -253*f + 40. Let o be n(-2). What is the highest common factor of 117 and o?
39
Suppose -2*c = -c + 15. Let k = -14 - c. Let q be k - (0 + -8) - -1. Calculate the greatest common factor of q and 20.
10
Let a be (3 + 20)/(2/2) - 3. Suppose 18*h + 48 = a*h. What is the greatest common factor of h and 36?
12
Let u be 4/(-10) - (-1585)/25. Let b(w) = -17*w**2 - 39*w - 1. Let x be b(-2). What is the greatest common factor of x and u?
9
Suppose 12 = 4*r - 7*r. Let w be r/(-34) + 610/17. Let p = -34 - -43. Calculate the greatest common factor of p and w.
9
Suppose 4*m + t + 3*t - 500 = 0, 0 = 5*m - 4*t - 589. Suppose -u + m - 101 = 0. Calculate the greatest common factor of u and 5.
5
Let k(h) = -h**3 + 4*h**2 + 2*h - 2. Let q be k(5). Let z = q - -53. Let d be (-3)/6 - 98/(-4). Calculate the highest common factor of z and d.
12
Suppose 7*u + 20 = 8*u. Let n = -13 - -13. Suppose n = 3*a - 0*a - 30. What is the highest common divisor of a and u?
10
Suppose -4*c + 144 = 60. Let h(i) be the first derivative of -i**3/3 + 5*i**2 - 6*i + 7. Let t be h(9). What is the highest common divisor of c and t?
3
Let i = 72 - 42. Suppose 4*j + 5 = -11. Let b be -1*(j - -6) - -22. Calculate the greatest common factor of i and b.
10
Let h be 58 + ((-2)/(-6))/(9/(-108)). What is the highest common factor of h and 351?
27
Let w be (-360)/35 - 8/(-28). Let v(k) = k**3 + 9*k**2 - 8*k - 7. Let g be v(w). Let l = 23 - g. What is the highest common factor of l and 75?
25
Let x(n) = -n**3 + 16*n**2 - 2*n + 38. Let j be x(16). Calculate the greatest common divisor of j and 9.
3
Let j(y) = y**3 + 10*y**2 + 8*y - 14. Let n be j(-7). Let w be 1 + 7 - (-3)/(-3). What is the greatest common factor of n and w?
7
Let l(n) = -7*n + 10*n + 0*n + 15. Let v be l(-6). Let k(r) = -2*r**3 - 3*r**2 + 4*r. Let h be k(v). Calculate the highest common factor of 5 and h.
5
Let r(d) = 27*d**2 + 3*d + 2. Let v be r(-1). What is the highest common divisor of 65 and v?
13
Suppose 101 = 18*g - 439. Suppose -116 = 2*n - 4*n. Let d = g + n. Calculate the greatest common factor of 8 and d.
8
Suppose -13*h + 10*h = -84. Let r(x) = -x**3 + 29*x**2 - 27*x - 17. Let t be r(h). Calculate the greatest common divisor of 88 and t.
11
Let k(g) = -7*g**3 - 9*g**2 + 7*g + 57. Let r be k(-7). Calculate the greatest common factor of r and 48.
48
Suppose 11*m + 29*m = 760. What is the highest common divisor of 2071 and m?
19
Let u be (-77)/(-5) - ((-8)/(-10))/2. Suppose -o + 21 = 4*w, 6*o + u = o + 4*w. What is the greatest common factor of 4 and o?
1
Suppose m - 1 - 2 = 0. Let r be 10/m*(-18)/(-15). Let g = -28 + 29. What is the greatest common divisor of g and r?
1
Let x = -1126 + 1351. What is the greatest common factor of 315 and x?
45
Let v = -34 - -11. Let z be 3/6 - v/2. Suppose 3*s + z = 0, -2*l + 3*s + 1 + 37 = 0. Calculate the highest common factor of 52 and l.
13
Let t(n) = -9*n**3 + 3*n**2 - 2*n - 4. Let v be t(-1). What is the greatest common factor of 2 and v?
2
Let n(l) = 104*l - 519. Let f be n(5). What is the highest common divisor of 83 and f?
1
Suppose 31*r - 35*r = 124. Let g = r - -45. Suppose 5*q - 38 + 3 = 0. What is the greatest common divisor of q and g?
7
Suppose 216 = 2*h + m, 5*h = -5*m + 3*m + 540. Calculate the highest common factor of h and 144.
36
Let u = -7119 + 7120. Let k(v) = -v + 0*v**3 - 1 + 3*v**3 - 4*v**3. Let h be k(-2). What is the greatest common divisor of u and h?
1
Let n be 1 + -2 + (73 - 0). Let a(k) = -k**2 + k + 5. Let d be a(-5). Let b = d - -43. Calculate the greatest common factor of b and n.
18
Let a(y) = -y**2 + 15*y + 14. Let g = 85 - 73. Let l be a(g). Calculate the greatest common divisor of 10 and l.
10
Let i(r) = -r**3 + 16*r**2 - 16*r + 7. Let h be i(13). What is the highest common factor of 34 and h?
34
Let l be (12/(-30))/(3/615). Let h = l + 137. What is the greatest common factor of 11 and h?
11
Let k be 4/322*-7 - (-23815)/115. Calculate the highest common factor of 115 and k.
23
Let w be 1173 + (6 - 1) + -7 + 5. What is the greatest common factor of 24 and w?
24
Let x be (4/6)/((-24)/(-3960)). Calculate the greatest common divisor of 385 and x.
55
Suppose -5*a + 4*c + 40 = -13, 4*c = -2*a + 10. What is the greatest common divisor of 15 and a?
3
Let v(n) = 4*n - 7. Suppose 0 = 3*c - 2*y - 25, -4*c - 5*y + 48 = -4*y. Let p = c + -6. Let f be v(p). Calculate the greatest common divisor of 39 and f.
13
Suppose -10 = -3*v + 14. Let r(g) = g**3 + 3*g**2 - 6*g - 2. Let p be r(-4). Suppose -v*s + 20 = -p*s. Calculate the greatest common factor of s and 10.
10
Let f be (1 + -36)/((-179)/358). What is the greatest common factor of f and 20?
10
Suppose 18*t + 192 = 2*t. Let l = t + 36. What is the highest common divisor of l and 16?
8
Suppose 4*i + 465 - 477 = 0. What is the highest common divisor of 3 and i?
3
Let d be -4*(6 - (-4 + 85)). Calculate the greatest common factor of d and 6.
6
Let s(h) = -h - 3. Let m be s(-6). Let j = 2 - -5. Let w = j + -5. Calculate the highest common divisor of w and m.
1
Suppose -3*x = 5*n - 235, -5*n - x + 5*x = -270. Let d be (((-128)/24)/(-8))/((-1)/(-15)). What is the highest common factor of n and d?
10
Suppose 8*z = 3501 - 877. What is the highest common factor of 41 and z?
41
Let j be (-1)/(-2)*0 + 14. Let b(u) be the first derivative of u**3/3 - 15*u**2/2 + 20*u + 62. Let d be b(j). Calculate the greatest common divisor of 42 and d.
6
Suppose -5*m - 1 - 4 = 0. Let p = m - -3. Suppose 5*n - 13 = 3*u, -n = -2*u + 5*u + 1. Calculate the highest common factor of n and p.
2
Suppose 5*d - 74 = 226. Calculate the greatest common divisor of 15 and d.
15
Let t(b) = 7*b**2 + 6*b - 1. Let y(i) = -7*i + 60. Let k be y(8). Let n be t(k). Calculate the highest common factor of 27 and n.
27
Let j(n) = -5*n**3 - 4*n**2 + 4. Let z be j(-5). Calculate the highest common divisor of z and 23.
23
Let s(d) = 4*d**2 - 86*d - 4. Let z be s(22). What is the highest common divisor of z and 8?
8
Suppose 3899 = -5*n + 13199. Calculate the highest common divisor of 60 and n.
60
Suppose -4*x - 286 - 738 = -4*n, -5*n + 3*x = -1286. Calculate the greatest common factor of n and 14.
7
Suppose -5*s + 75 = -0*s - 5*v, 5*s = -3*v + 35. Let a be ((264/s)/(-6))/(1/(-5)). Calculate the greatest common factor of 33 and a.
11
Let g = 697 - 661. What is the highest common divisor of g and 156?
12
Suppose -7488 = -19*h - 20*h. Calculate the greatest common divisor of 64 and h.
64
Let r(y) = y**2 + 4*y - 13. Let x be r(-7). Let a(q) = -q**3 + 9*q**2 - 7*q - 4. Let n be a(x). What is the greatest common factor of 28 and n?
4
Let w(h) = -h**3 - 26*h**2 - 41*h + 196. Let g be w(-24). Calculate the highest common factor of g and 3892.
28
Let n = -8 + 12. Suppose -2*y - 5*k + 5 = 0, 0 = -208*y + 204*y + k + 43. Calculate the greatest common factor of y and n.
2
Let a(y) = y**2 + 5*y + 292. Let s be a(31). Calculate the highest common divisor of s and 128.
128
Let x(q) be the first derivative of 49*q**3/3 + q**2 + q - 71. Let d = 1 + -2. Let m be x(d). Calculate the greatest common factor of 12 and m.
12
Let n = 178 - -1065. Calculate the greates